{"id":99,"date":"2022-12-22T12:35:13","date_gmt":"2022-12-22T12:35:13","guid":{"rendered":"https:\/\/jean-christophe-dumenil.students-laplateforme.io\/mycms\/?post_type=product&#038;p=99"},"modified":"2022-12-22T12:35:13","modified_gmt":"2022-12-22T12:35:13","slug":"spirit-of-gamer-pro-k7-rgb","status":"publish","type":"product","link":"https:\/\/jean-christophe-dumenil.students-laplateforme.io\/mycms\/?product=spirit-of-gamer-pro-k7-rgb","title":{"rendered":"SPIRIT OF GAMER PRO K7 RGB"},"content":{"rendered":"<h1 class=\"a-size-base-plus a-text-bold\">\u00c0 propos de cet article<\/h1>\n<ul class=\"a-unordered-list a-vertical a-spacing-mini\">\n<li><span class=\"a-list-item\">&#x2705; DESIGN ET ERGONOMIE : Le clavier repr\u00e9sente un \u00e9l\u00e9ment essentiel dans l&rsquo;\u00e9quipement de votre setup. Il occupe une position importante sur votre bureau et y restera 24\/7, alors autant qu&rsquo;il soit agr\u00e9able. Les Led du clavier lumineux offrent la possibilit\u00e9 de personnaliser le r\u00e9tro \u00e9clairage et la luminosit\u00e9 qui vous convient selon 5 modes diff\u00e9rents : Rainbow, Breathing, Pulse, Tempo ou \u00e9teint. Profitez de son \u00e9clairage m\u00eame si la luminosit\u00e9 de la pi\u00e8ce est faible.<\/span><\/li>\n<li><span class=\"a-list-item\">&#x2705; TOUCHES HAUTES ET SILENCIEUSES : Les touches \u00e0 membranes semi-m\u00e9caniques du gaming keyboard offrent une saisie rapide et discr\u00e8te. Et pour plus de confort votre clavier est r\u00e9glable en hauteur sur une position. Le ch\u00e2ssis du clavier m\u00e9canique est en m\u00e9tal, gage d\u2019une plus grande dur\u00e9e de vie. Nous avons rajout\u00e9 des patins antid\u00e9rapants en caoutchouc sous le clavier pour vous garantir une meilleure stabilit\u00e9 lors de vos sessions de jeu ou de travail.<\/span><\/li>\n<li><span class=\"a-list-item\">&#x2705; ANTI-GHOSTING : Le clavier RGB PRO-K7 poss\u00e8de un style unique m\u00e9langeant modernit\u00e9 et discr\u00e9tion. Pour une meilleure exp\u00e9rience de jeu, le clavier b\u00e9n\u00e9ficie de la technologie anti-ghosting disponible sur 26 touches. Cette technologie est id\u00e9ale pour rivaliser avec vos adversaires et am\u00e9liorer votre dext\u00e9rit\u00e9. Cette fonctionnalit\u00e9 avanc\u00e9e permet au clavier de m\u00e9moriser vos combinaisons de touches et de les restituer sans erreurs. Alors n&rsquo;attendez plus et programmez vos meilleurs combos !<\/span><\/li>\n<li><span class=\"a-list-item\">&#x2705; DEVENEZ IMBATTABLE : Le PRO K7 est par d\u00e9faut programm\u00e9 pour que vous puissiez le brancher directement sur votre pc. Cependant, vous pourrez t\u00e9l\u00e9charger le logiciel (disponible sur notre site) qui vous permettra de configurer l\u2019int\u00e9gralit\u00e9 des touches du clavier en assignant : une macro, un raccourci ou une fonction multim\u00e9dia. De plus, vous pouvez configurer jusqu&rsquo;\u00e0 3 profils gamer qui vous permettront de sauvegarder diff\u00e9rentes configurations en fonction de vos jeux pr\u00e9f\u00e9r\u00e9s.<\/span><\/li>\n<li><span class=\"a-list-item\">&#x2705; RAPPORT QUALIT\u00c9\/PRIX : Vous passez chaque jour des heures sur votre PC. Ce clavier ergonomique dispose du meilleur rapport qualit\u00e9\/prix pour que vous puissiez am\u00e9liorer votre productivit\u00e9 et vos conditions de jeu sans vous ruiner. Les touches ont une dur\u00e9e de vie de 10 000 000 de frappes et elles dureront toute une d\u00e9cennie ! De plus, nous vous offrons une garantie produit de 24 mois et notre service client se tient \u00e0 votre disposition.<\/span><\/li>\n<\/ul>\n","protected":false},"excerpt":{"rendered":"<table class=\"a-normal a-spacing-micro\">\n<tbody>\n<tr class=\"a-spacing-small po-brand\">\n<td class=\"a-span3\"><span class=\"a-size-base a-text-bold\">Marque<\/span><\/td>\n<td class=\"a-span9\"><span class=\"a-size-base\">Spirit Of Gamer<\/span><\/td>\n<\/tr>\n<tr class=\"a-spacing-small po-compatible_devices\">\n<td class=\"a-span3\"><span class=\"a-size-base a-text-bold\">Compatibilit\u00e9 du p\u00e9riph\u00e9rique<\/span><\/td>\n<td class=\"a-span9\"><span class=\"a-size-base\">PC, PC Gamer, Ordinateur, Ordinateur Portable<\/span><\/td>\n<\/tr>\n<tr class=\"a-spacing-small po-connectivity_technology\">\n<td class=\"a-span3\"><span class=\"a-size-base a-text-bold\">Type de connecteur<\/span><\/td>\n<td class=\"a-span9\"><span class=\"a-size-base\">USB<\/span><\/td>\n<\/tr>\n<tr class=\"a-spacing-small po-keyboard_description\">\n<td class=\"a-span3\"><span class=\"a-size-base a-text-bold\">Description du clavier<\/span><\/td>\n<td class=\"a-span9\"><span class=\"a-size-base\">Clavier Semi-M\u00e9canique \u00e0 Membrane<\/span><\/td>\n<\/tr>\n<tr class=\"a-spacing-small po-special_feature\">\n<td class=\"a-span3\"><span class=\"a-size-base a-text-bold\">Caract\u00e9ristique sp\u00e9ciale<\/span><\/td>\n<td class=\"a-span9\"><span class=\"a-size-base\">hotkeys_and_media_keys, backlit<\/span><\/td>\n<\/tr>\n<tr class=\"a-spacing-small po-color\">\n<td class=\"a-span3\"><span class=\"a-size-base a-text-bold\">Couleur<\/span><\/td>\n<td class=\"a-span9\"><span class=\"a-size-base\">Black<\/span><\/td>\n<\/tr>\n<tr class=\"a-spacing-small po-operating_system\">\n<td class=\"a-span3\"><span class=\"a-size-base a-text-bold\">Syst\u00e8me d&rsquo;exploitation<\/span><\/td>\n<td class=\"a-span9\"><span class=\"a-size-base\">Windows XP, Windows 10<\/span><\/td>\n<\/tr>\n<tr class=\"a-spacing-small po-number_of_keys\">\n<td class=\"a-span3\"><span class=\"a-size-base a-text-bold\">Nombre de cl\u00e9s<\/span><\/td>\n<td class=\"a-span9\"><span class=\"a-size-base\">105<\/span><\/td>\n<\/tr>\n<tr class=\"a-spacing-small po-style\">\n<td class=\"a-span3\"><span class=\"a-size-base a-text-bold\">Style<\/span><\/td>\n<td class=\"a-span9\"><span class=\"a-size-base\">PRO K7<\/span><\/td>\n<\/tr>\n<tr class=\"a-spacing-small po-item_dimensions\">\n<td class=\"a-span3\"><span class=\"a-size-base a-text-bold\">Dimensions de l&rsquo;article L\u00a0x\u00a0l\u00a0x\u00a0H<\/span><\/td>\n<td class=\"a-span9\"><span class=\"a-size-base\">44 x 13.5 x 3.5 centim\u00e8tres<\/span><\/td>\n<\/tr>\n<\/tbody>\n<\/table>\n","protected":false},"featured_media":104,"comment_status":"open","ping_status":"closed","template":"","meta":[],"product_cat":[28,27],"product_tag":[],"_links":{"self":[{"href":"https:\/\/jean-christophe-dumenil.students-laplateforme.io\/mycms\/index.php?rest_route=\/wp\/v2\/product\/99"}],"collection":[{"href":"https:\/\/jean-christophe-dumenil.students-laplateforme.io\/mycms\/index.php?rest_route=\/wp\/v2\/product"}],"about":[{"href":"https:\/\/jean-christophe-dumenil.students-laplateforme.io\/mycms\/index.php?rest_route=\/wp\/v2\/types\/product"}],"replies":[{"embeddable":true,"href":"https:\/\/jean-christophe-dumenil.students-laplateforme.io\/mycms\/index.php?rest_route=%2Fwp%2Fv2%2Fcomments&post=99"}],"wp:featuredmedia":[{"embeddable":true,"href":"https:\/\/jean-christophe-dumenil.students-laplateforme.io\/mycms\/index.php?rest_route=\/wp\/v2\/media\/104"}],"wp:attachment":[{"href":"https:\/\/jean-christophe-dumenil.students-laplateforme.io\/mycms\/index.php?rest_route=%2Fwp%2Fv2%2Fmedia&parent=99"}],"wp:term":[{"taxonomy":"product_cat","embeddable":true,"href":"https:\/\/jean-christophe-dumenil.students-laplateforme.io\/mycms\/index.php?rest_route=%2Fwp%2Fv2%2Fproduct_cat&post=99"},{"taxonomy":"product_tag","embeddable":true,"href":"https:\/\/jean-christophe-dumenil.students-laplateforme.io\/mycms\/index.php?rest_route=%2Fwp%2Fv2%2Fproduct_tag&post=99"}],"curies":[{"name":"wp","href":"https:\/\/api.w.org\/{rel}","templated":true}]}}