{"id":49,"date":"2022-12-22T12:14:55","date_gmt":"2022-12-22T12:14:55","guid":{"rendered":"https:\/\/jean-christophe-dumenil.students-laplateforme.io\/mycms\/?post_type=product&#038;p=49"},"modified":"2022-12-22T12:14:55","modified_gmt":"2022-12-22T12:14:55","slug":"samsung-s34j550wqr-ecran-pc-ultra-large","status":"publish","type":"product","link":"https:\/\/jean-christophe-dumenil.students-laplateforme.io\/mycms\/?product=samsung-s34j550wqr-ecran-pc-ultra-large","title":{"rendered":"SAMSUNG S34J550WQR Ecran PC Ultra-Large"},"content":{"rendered":"","protected":false},"excerpt":{"rendered":"<table class=\"a-normal a-spacing-micro\">\n<tbody>\n<tr class=\"a-spacing-small po-display.size\">\n<td class=\"a-span3\"><span class=\"a-size-base a-text-bold\">Taille de l&rsquo;\u00e9cran<\/span><\/td>\n<td class=\"a-span9\"><span class=\"a-size-base\">34 Pouces<\/span><\/td>\n<\/tr>\n<tr class=\"a-spacing-small po-display.resolution_maximum\">\n<td class=\"a-span3\"><span class=\"a-size-base a-text-bold\">R\u00e9solution d&rsquo;affichage maximale<\/span><\/td>\n<td class=\"a-span9\"><span class=\"a-size-base\">3440 x 1440 Pixels<\/span><\/td>\n<\/tr>\n<tr class=\"a-spacing-small po-brand\">\n<td class=\"a-span3\"><span class=\"a-size-base a-text-bold\">Marque<\/span><\/td>\n<td class=\"a-span9\"><span class=\"a-size-base\">Samsung<\/span><\/td>\n<\/tr>\n<tr class=\"a-spacing-small po-special_feature\">\n<td class=\"a-span3\"><span class=\"a-size-base a-text-bold\">Caract\u00e9ristique sp\u00e9ciale<\/span><\/td>\n<td class=\"a-span9\"><span class=\"a-size-base\"><span class=\"a-truncate\" data-a-word-break=\"normal\" data-a-max-rows=\"3\" data-a-overflow-marker=\"&amp;hellip;\" data-a-recalculate=\"false\" data-a-updated=\"true\"><span class=\"a-truncate-full a-offscreen\">2 x HDMI, 1 x DisplayPort, Pied Inclinable \/ Compatibilit\u00e9 VESA, \u00c9cran ultra-large, Technologie AMD FreeSync, R\u00e9solution UWXGA (3440 x 1440)<\/span><span class=\"a-truncate-cut\" aria-hidden=\"true\">2 x HDMI, 1 x DisplayPort, Pied Inclinable \/ Compatibilit\u00e9 VESA, \u00c9cran ultra-large, Technologie AMD FreeSync, R\u00e9solution UWXGA (3440 x 1440)<\/span><\/span><\/span>\u00a0<span class=\"a-declarative\" data-action=\"a-modal\" data-csa-c-type=\"widget\" data-csa-c-func-deps=\"aui-da-a-modal\" data-a-modal=\"{&quot;max-height&quot;:&quot;400&quot;,&quot;width&quot;:&quot;800&quot;,&quot;header&quot;:&quot;Caract\u00e9ristique sp\u00e9ciale&quot;,&quot;inlineContent&quot;:&quot;2 x HDMI, 1 x DisplayPort, Pied Inclinable \/ Compatibilit\u00e9 VESA, \u00c9cran ultra-large, Technologie AMD FreeSync, R\u00e9solution UWXGA (3440 x 1440)&quot;}\" data-csa-c-id=\"9it337-pkfl4h-flyxyr-y9u88x\"><a class=\"a-popover-trigger a-declarative\" role=\"button\">Voir plus<i class=\"a-icon a-icon-popover\"><\/i><\/a><\/span><\/td>\n<\/tr>\n<tr class=\"a-spacing-small po-refresh_rate\">\n<td class=\"a-span3\"><span class=\"a-size-base a-text-bold\">Fr\u00e9quence de rafra\u00eechissement<\/span><\/td>\n<td class=\"a-span9\"><span class=\"a-size-base\">75 Hz<\/span><\/td>\n<\/tr>\n<tr class=\"a-spacing-small po-connectivity_technology\">\n<td class=\"a-span3\"><span class=\"a-size-base a-text-bold\">Type de connecteur<\/span><\/td>\n<td class=\"a-span9\"><span class=\"a-size-base\">DisplayPort<\/span><\/td>\n<\/tr>\n<tr class=\"a-spacing-small po-aspect_ratio\">\n<td class=\"a-span3\"><span class=\"a-size-base a-text-bold\">Format d&rsquo;image<\/span><\/td>\n<td class=\"a-span9\"><span class=\"a-size-base\">Unknown<\/span><\/td>\n<\/tr>\n<tr class=\"a-spacing-small po-display.type\">\n<td class=\"a-span3\"><span class=\"a-size-base a-text-bold\">Type d&rsquo;affichage<\/span><\/td>\n<td class=\"a-span9\"><span class=\"a-size-base\">LED<\/span><\/td>\n<\/tr>\n<tr class=\"a-spacing-small po-specific_uses_for_product\">\n<td class=\"a-span3\"><span class=\"a-size-base a-text-bold\">Usages sp\u00e9cifiques pour le produit<\/span><\/td>\n<td class=\"a-span9\"><span class=\"a-size-base\">Multimedia<\/span><\/td>\n<\/tr>\n<tr class=\"a-spacing-small po-response_time\">\n<td class=\"a-span3\"><span class=\"a-size-base a-text-bold\">Temps de r\u00e9ponse<\/span><\/td>\n<td class=\"a-span9\"><span class=\"a-size-base\">4 Milliseconds<\/span><\/td>\n<\/tr>\n<\/tbody>\n<\/table>\n","protected":false},"featured_media":50,"comment_status":"open","ping_status":"closed","template":"","meta":[],"product_cat":[16,19],"product_tag":[],"_links":{"self":[{"href":"https:\/\/jean-christophe-dumenil.students-laplateforme.io\/mycms\/index.php?rest_route=\/wp\/v2\/product\/49"}],"collection":[{"href":"https:\/\/jean-christophe-dumenil.students-laplateforme.io\/mycms\/index.php?rest_route=\/wp\/v2\/product"}],"about":[{"href":"https:\/\/jean-christophe-dumenil.students-laplateforme.io\/mycms\/index.php?rest_route=\/wp\/v2\/types\/product"}],"replies":[{"embeddable":true,"href":"https:\/\/jean-christophe-dumenil.students-laplateforme.io\/mycms\/index.php?rest_route=%2Fwp%2Fv2%2Fcomments&post=49"}],"wp:featuredmedia":[{"embeddable":true,"href":"https:\/\/jean-christophe-dumenil.students-laplateforme.io\/mycms\/index.php?rest_route=\/wp\/v2\/media\/50"}],"wp:attachment":[{"href":"https:\/\/jean-christophe-dumenil.students-laplateforme.io\/mycms\/index.php?rest_route=%2Fwp%2Fv2%2Fmedia&parent=49"}],"wp:term":[{"taxonomy":"product_cat","embeddable":true,"href":"https:\/\/jean-christophe-dumenil.students-laplateforme.io\/mycms\/index.php?rest_route=%2Fwp%2Fv2%2Fproduct_cat&post=49"},{"taxonomy":"product_tag","embeddable":true,"href":"https:\/\/jean-christophe-dumenil.students-laplateforme.io\/mycms\/index.php?rest_route=%2Fwp%2Fv2%2Fproduct_tag&post=49"}],"curies":[{"name":"wp","href":"https:\/\/api.w.org\/{rel}","templated":true}]}}