{"id":135,"date":"2022-12-22T12:45:08","date_gmt":"2022-12-22T12:45:08","guid":{"rendered":"https:\/\/jean-christophe-dumenil.students-laplateforme.io\/mycms\/?post_type=product&#038;p=135"},"modified":"2022-12-22T12:45:08","modified_gmt":"2022-12-22T12:45:08","slug":"tapis-de-souris-gaming-rgb-xxl-800-x-300-mm","status":"publish","type":"product","link":"https:\/\/jean-christophe-dumenil.students-laplateforme.io\/mycms\/?product=tapis-de-souris-gaming-rgb-xxl-800-x-300-mm","title":{"rendered":"Tapis de Souris Gaming RGB XXL (800 x 300 mm)"},"content":{"rendered":"<h1 class=\"a-size-base-plus a-text-bold\">\u00c0 propos de cet article<\/h1>\n<ul class=\"a-unordered-list a-vertical a-spacing-mini\">\n<li><span class=\"a-list-item\">&#x1f5b1;&#xfe0f;Couverture compl\u00e8te de grande taille : taille du tapis de souris Peakness RBG \u00c0 800x300x4mm, tout type de clavier ou de souris peut \u00eatre plac\u00e9. Le tapis de souris RVB est con\u00e7u avec une surface micro-textur\u00e9e dure et pr\u00e9cise pour optimiser la r\u00e9ponse de la souris et fournir un mouvement plus rapide dans les jeux.<\/span><\/li>\n<li><span class=\"a-list-item\">&#x1f5b1;&#xfe0f;\u00c9clairage RVB\u00a0: 14 couleurs + le mode de changement peut \u00eatre commut\u00e9 en un clic. Appuyez deux fois sur le commutateur pour modifier la luminosit\u00e9 de la lumi\u00e8re RVB. Il y a 2 r\u00e9glages de luminosit\u00e9 disponibles. Appuyez sur le bouton et maintenez-le enfonc\u00e9 pendant 3 secondes pour d\u00e9sactiver l&rsquo;effet d&rsquo;\u00e9clairage RVB.<\/span><\/li>\n<li><span class=\"a-list-item\">&#x1f5b1;&#xfe0f;Base en caoutchouc imperm\u00e9able antid\u00e9rapante: Tapis de souris de jeu de grande taille avec base en caoutchouc antid\u00e9rapante, la base en caoutchouc antid\u00e9rapante peut \u00eatre utilis\u00e9e sur n&rsquo;importe quelle surface, assurant un contr\u00f4le et des performances pr\u00e9cis de la souris. Le rev\u00eatement hydrofuge emp\u00eache les dommages accidentels caus\u00e9s par les d\u00e9versements de liquide<\/span><\/li>\n<li><span class=\"a-list-item\">&#x1f5b1;&#xfe0f;Pratique et facile \u00e0 utiliser : ce tapis de souris de jeu LED est aliment\u00e9 par USB et ne n\u00e9cessite aucun pilote. \u00c9quip\u00e9 d&rsquo;un c\u00e2ble de 1,2 m. Op\u00e9ration \u00e0 une touche &#8211; plug and play.<\/span><\/li>\n<li><span class=\"a-list-item\">&#x1f5b1;&#xfe0f; GRAND CADEAU: Si vous cherchez un cadeau sp\u00e9cial pour les employ\u00e9s de bureau, les joueurs passionn\u00e9s, les \u00e9tudiants, nos tapis de souris de jeu sont le meilleur choix pour vous. Qu&rsquo;il s&rsquo;agisse d&rsquo;un anniversaire ou d&rsquo;une f\u00eate sp\u00e9ciale, un tapis de souris de jeu est un cadeau id\u00e9al.<\/span><\/li>\n<\/ul>\n","protected":false},"excerpt":{"rendered":"<table class=\"a-normal a-spacing-micro\">\n<tbody>\n<tr class=\"a-spacing-small po-brand\">\n<td class=\"a-span3\"><span class=\"a-size-base a-text-bold\">Marque<\/span><\/td>\n<td class=\"a-span9\"><span class=\"a-size-base\">Peakness<\/span><\/td>\n<\/tr>\n<tr class=\"a-spacing-small po-color\">\n<td class=\"a-span3\"><span class=\"a-size-base a-text-bold\">Couleur<\/span><\/td>\n<td class=\"a-span9\"><span class=\"a-size-base\">noir<\/span><\/td>\n<\/tr>\n<tr class=\"a-spacing-small po-special_feature\">\n<td class=\"a-span3\"><span class=\"a-size-base a-text-bold\">Caract\u00e9ristique sp\u00e9ciale<\/span><\/td>\n<td class=\"a-span9\"><span class=\"a-size-base\">waterproof, backlit<\/span><\/td>\n<\/tr>\n<tr class=\"a-spacing-small po-recommended_uses_for_product\">\n<td class=\"a-span3\"><span class=\"a-size-base a-text-bold\">Usages recommand\u00e9s pour le produit<\/span><\/td>\n<td class=\"a-span9\"><span class=\"a-size-base\">Jeu<\/span><\/td>\n<\/tr>\n<tr class=\"a-spacing-small po-material\">\n<td class=\"a-span3\"><span class=\"a-size-base a-text-bold\">Mat\u00e9riau<\/span><\/td>\n<td class=\"a-span9\"><span class=\"a-size-base\">Caoutchouc, Microfibre<\/span><\/td>\n<\/tr>\n<tr class=\"a-spacing-small po-item_dimensions\">\n<td class=\"a-span3\"><span class=\"a-size-base a-text-bold\">Dimensions de l&rsquo;article L\u00a0x\u00a0l\u00a0x\u00a0H<\/span><\/td>\n<td class=\"a-span9\"><span class=\"a-size-base\">80 x 30 x 0.4 centim\u00e8tres<\/span><\/td>\n<\/tr>\n<tr class=\"a-spacing-small po-theme\">\n<td class=\"a-span3\"><span class=\"a-size-base a-text-bold\">Th\u00e8me<\/span><\/td>\n<td class=\"a-span9\"><span class=\"a-size-base\">RVB<\/span><\/td>\n<\/tr>\n<tr class=\"a-spacing-small po-item_shape\">\n<td class=\"a-span3\"><span class=\"a-size-base a-text-bold\">Forme<\/span><\/td>\n<td class=\"a-span9\"><span class=\"a-size-base\">Rectangulaire<\/span><\/td>\n<\/tr>\n<tr class=\"a-spacing-small po-size\">\n<td class=\"a-span3\"><span class=\"a-size-base a-text-bold\">Taille<\/span><\/td>\n<td class=\"a-span9\"><span class=\"a-size-base\">800*300<\/span><\/td>\n<\/tr>\n<tr class=\"a-spacing-small po-item_weight\">\n<td class=\"a-span3\"><span class=\"a-size-base a-text-bold\">Poids de l&rsquo;article<\/span><\/td>\n<td class=\"a-span9\"><span class=\"a-size-base\">660 Grammes<\/span><\/td>\n<\/tr>\n<\/tbody>\n<\/table>\n","protected":false},"featured_media":136,"comment_status":"open","ping_status":"closed","template":"","meta":[],"product_cat":[27,31],"product_tag":[],"_links":{"self":[{"href":"https:\/\/jean-christophe-dumenil.students-laplateforme.io\/mycms\/index.php?rest_route=\/wp\/v2\/product\/135"}],"collection":[{"href":"https:\/\/jean-christophe-dumenil.students-laplateforme.io\/mycms\/index.php?rest_route=\/wp\/v2\/product"}],"about":[{"href":"https:\/\/jean-christophe-dumenil.students-laplateforme.io\/mycms\/index.php?rest_route=\/wp\/v2\/types\/product"}],"replies":[{"embeddable":true,"href":"https:\/\/jean-christophe-dumenil.students-laplateforme.io\/mycms\/index.php?rest_route=%2Fwp%2Fv2%2Fcomments&post=135"}],"wp:featuredmedia":[{"embeddable":true,"href":"https:\/\/jean-christophe-dumenil.students-laplateforme.io\/mycms\/index.php?rest_route=\/wp\/v2\/media\/136"}],"wp:attachment":[{"href":"https:\/\/jean-christophe-dumenil.students-laplateforme.io\/mycms\/index.php?rest_route=%2Fwp%2Fv2%2Fmedia&parent=135"}],"wp:term":[{"taxonomy":"product_cat","embeddable":true,"href":"https:\/\/jean-christophe-dumenil.students-laplateforme.io\/mycms\/index.php?rest_route=%2Fwp%2Fv2%2Fproduct_cat&post=135"},{"taxonomy":"product_tag","embeddable":true,"href":"https:\/\/jean-christophe-dumenil.students-laplateforme.io\/mycms\/index.php?rest_route=%2Fwp%2Fv2%2Fproduct_tag&post=135"}],"curies":[{"name":"wp","href":"https:\/\/api.w.org\/{rel}","templated":true}]}}